he prime factors of 168319.
281, 599
What are the prime factors of 1036596?
2, 3, 11, 7853
What are the prime factors of 629784?
2, 3, 8747
List the prime factors of 5877425.
5, 233, 1009
What are the prime factors of 233381?
23, 73, 139
What are the prime factors of 136998?
2, 3, 43, 59
List the prime factors of 154055.
5, 11, 2801
List the prime factors of 2222211.
3, 740737
List the prime factors of 238687.
37, 6451
What are the prime factors of 381413?
381413
What are the prime factors of 595571?
595571
List the prime factors of 1660217.
13, 127709
What are the prime factors of 240686?
2, 17, 7079
List the prime factors of 23059264.
2, 571, 631
List the prime factors of 698687.
11, 19, 3343
What are the prime factors of 6153726?
2, 3, 1025621
What are the prime factors of 109061?
191, 571
What are the prime factors of 434025?
3, 5, 643
What are the prime factors of 350944?
2, 11, 997
What are the prime factors of 66152?
2, 8269
What are the prime factors of 26546250?
2, 3, 5, 7079
What are the prime factors of 11557449?
3, 41, 31321
What are the prime factors of 890068?
2, 29, 7673
List the prime factors of 28445295.
3, 5, 1896353
What are the prime factors of 9181754?
2, 4590877
List the prime factors of 2533664.
2, 7, 11311
List the prime factors of 193105.
5, 11, 3511
List the prime factors of 254885.
5, 19, 2683
List the prime factors of 394120.
2, 5, 59, 167
List the prime factors of 3713275.
5, 148531
What are the prime factors of 810960?
2, 3, 5, 31, 109
What are the prime factors of 98657?
13, 7589
What are the prime factors of 56547?
3, 61, 103
List the prime factors of 1445822.
2, 7, 61, 1693
List the prime factors of 372687.
3, 7, 17747
List the prime factors of 3152916.
2, 3, 13, 6737
List the prime factors of 3739718.
2, 1869859
What are the prime factors of 6110010?
2, 3, 5, 29, 2341
What are the prime factors of 499268?
2, 7, 11, 1621
List the prime factors of 282924.
2, 3, 29, 271
List the prime factors of 3600472.
2, 347, 1297
What are the prime factors of 36006498?
2, 3, 11, 60617
List the prime factors of 352360.
2, 5, 23, 383
What are the prime factors of 368854?
2, 43, 4289
What are the prime factors of 6769785?
3, 5, 11, 89, 461
What are the prime factors of 5030034?
2, 3, 47, 17837
List the prime factors of 133516.
2, 29, 1151
List the prime factors of 4883685.
3, 5, 53, 6143
What are the prime factors of 1062274?
2, 547, 971
List the prime factors of 688493.
13, 211, 251
List the prime factors of 305823.
3, 7, 14563
List the prime factors of 102123.
3, 7, 1621
List the prime factors of 836855.
5, 19, 23, 383
List the prime factors of 4444440.
2, 3, 5, 7, 11, 13, 37
What are the prime factors of 663427?
307, 2161
List the prime factors of 72088.
2, 9011
List the prime factors of 1287879.
3, 151, 2843
What are the prime factors of 307483?
11, 27953
What are the prime factors of 226481?
23, 43, 229
List the prime factors of 2653130.
2, 5, 265313
What are the prime factors of 161725?
5, 6469
List the prime factors of 802110.
2, 3, 5, 26737
List the prime factors of 22911364.
2, 7, 109, 7507
List the prime factors of 1460264.
2, 13, 19, 739
What are the prime factors of 6130731?
3, 313, 6529
What are the prime factors of 877305?
3, 5, 11, 13, 409
List the prime factors of 596864.
2, 4663
What are the prime factors of 10181715?
3, 5, 193, 3517
What are the prime factors of 13601839?
31, 438769
What are the prime factors of 2108513?
11, 103, 1861
List the prime factors of 779316.
2, 3, 101, 643
List the prime factors of 8535733.
67, 127399
What are the prime factors of 12428059?
7, 229, 7753
What are the prime factors of 55277?
167, 331
List the prime factors of 26843.
17, 1579
List the prime factors of 1243586.
2, 709, 877
What are the prime factors of 22884286?
2, 11442143
What are the prime factors of 23560841?
23560841
List the prime factors of 61962.
2, 3, 23, 449
List the prime factors of 544414.
2, 13, 20939
What are the prime factors of 247786?
2, 7, 11, 1609
List the prime factors of 333755.
5, 66751
What are the prime factors of 758789?
758789
What are the prime factors of 158566?
2, 79283
List the prime factors of 16648111.
211, 78901
What are the prime factors of 669272?
2, 269, 311
List the prime factors of 410553.
3, 11, 13, 29
What are the prime factors of 409556?
2, 7, 14627
What are the prime factors of 15700312?
2, 89, 22051
What are the prime factors of 5818149?
3, 23, 347
What are the prime factors of 182267?
19, 53, 181
What are the prime factors of 310079?
7, 11, 4027
What are the prime factors of 9868193?
787, 12539
What are the prime factors of 249876?
2, 3, 11, 631
What are the prime factors of 195216?
2, 3, 7, 83
List the prime factors of 863239.
13, 66403
What are the prime factors of 7396419?
3, 2465473
What are the prime factors of 119022?
2, 3, 83, 239
List the prime factors of 1529922.
2, 3, 254987
What are the prime factors of 1100722?
2, 7, 78623
List the prime factors of 8938946.
2, 419, 10667
List the prime factors of 4005667.
911, 4397
What are the prime factors of 25660078?
2, 43, 298373
List the prime factors of 2502574.
2, 1251287
What are the prime factors of 10958992?
2, 11, 71, 877
What are the prime factors of 218314?
2, 17, 6421
What are the prime factors of 558184?
2, 11, 6343
What are the prime factors of 19665248?
2, 29, 21191
What are the prime factors of 10089469?
13, 227, 263
What are the prime factors of 7779266?
2, 11, 353603
List the prime factors of 1402542.
2, 3, 19, 1367
What are the prime factors of 7741552?
2, 7, 13, 409
What are the prime factors of 117320?
2, 5, 7, 419
List the prime factors of 1221226.
2, 41, 53, 281
List the prime factors of 4773951.
3, 7, 13, 29, 67
What are the prime factors of 1916481?
3, 7, 263, 347
What are the prime factors of 3330795?
3, 5, 13, 19, 29, 31
List the prime factors of 11277.
3, 7, 179
What are the prime factors of 2909869?
19, 153151
List the prime factors of 181250.
2, 5, 29
What are the prime factors of 13255322?
2, 6627661
What are the prime factors of 18351025?
5, 7, 11, 9533
What are the prime factors of 86540?
2, 5, 4327
List the prime factors of 2017896.
2, 3, 83, 1013
What are the prime factors of 4791238?
2, 101, 23719
List the prime factors of 5854529.
5854529
List the prime factors of 1865928.
2, 3, 77747
What are the prime factors of 7933909?
7933909
What are the prime factors of 1681378?
2, 31, 47, 577
List the prime factors of 251366.
2, 125683
What are the prime factors of 25050?
2, 3, 5, 167
What are the prime factors of 34417?
127, 271
List the prime factors of 921177.
3, 19, 5387
What are the prime factors of 11070?
2, 3, 5, 41
List the prime factors of 741560.
2, 5, 18539
What are the prime factors of 10567253?
10567253
What are the prime factors of 169582?
2, 7, 12113
What are the prime factors of 21582414?
2, 3, 7, 103, 1663
List the prime factors of 7770349.
2477, 3137
What are the prime factors of 577489?
11, 47, 1117
What are the prime factors of 3140846?
2, 41, 38303
What are the prime factors of 8762627?
8762627
What are the prime factors of 1466318?
2, 7, 17, 61, 101
List the prime factors of 2619222.
2, 3, 29, 15053
What are the prime factors of 658820?
2, 5, 32941
What are the prime factors of 13545?
3, 5, 7, 43
What are the prime factors of 12697896?
2, 3, 47, 11257
List the prime factors of 16894163.
11, 13, 31, 37, 103
What are the prime factors of 63813?
3, 89, 239
List the prime factors of 239324.
2, 19, 47, 67
List the prime factors of 3848079.
3, 1282693
What are the prime factors of 462905?
5, 92581
List the prime factors of 1911027.
3, 211, 3019
What are the prime factors of 3764147?
19, 10427
List the prime factors of 34390525.
5, 13, 105817
What are the prime factors of 471136?
2, 14723
What are the prime factors of 862761?
3, 31, 9277
List the prime factors of 6435546.
2, 3, 13, 82507
List the prime factors of 85981.
7, 71, 173
List the prime factors of 1657846.
2, 828923
List the prime factors of 9792729.
3, 1088081
What are the prime factors of 5937007?
53, 112019
List the prime factors of 1240582.
2, 7, 12659
List the prime factors of 173804.
2, 43451
List the prime factors of 12502711.
13, 961747
List the prime factors of 3147914.
2, 7, 11, 20441
What are the prime factors of 